2 + 9)?
-5
Evaluate 5 + (-3 - -1) - (-3 - -1).
5
What is the value of 1 - -7 - (11 + -34 - -31)?
0
What is the value of -4 + (-2 + 6 - (4 - 1))?
-3
What is ((7 - 9) + 0 - 3) + 4?
-1
Evaluate (-3 + -2 - -6) + 1 + 5.
7
What is the value of 1 + 4 + 0 + -7?
-2
7 + -11 - 3 - -6
-1
Evaluate (-63 - -55) + 9 + 1.
2
Evaluate -1 - (-5 + 3 - (-5 - 0)).
-4
What is (0 - (1 - (1 - -4))) + 1?
5
What is the value of -6 + -2 - (-6 - -2 - 14)?
10
Evaluate 10 + -12 - (2 - -1).
-5
What is (6 + -1 - 8) + -2?
-5
Evaluate -1 + 0 - -5 - 1.
3
What is the value of -1 + 1 - (113 - 119)?
6
Evaluate (0 - 4 - -5) + 1.
2
What is the value of 5 - (1 - (2 - (0 + 5)))?
1
4 + -3 + -1 - (0 + -3)
3
Evaluate 4 + -6 + 2 + 0.
0
Evaluate 2 - (2 - (-5 + (-5 - -7))).
-3
What is the value of 11 + (-4 - 8) + 5?
4
Evaluate -11 + -4 + (-5 - (5 - 17)).
-8
11 + (2 - 4) + -7
2
Calculate (2 - 1) + 0 + (-3 - -3).
1
Calculate (151 - 153) + (-1 - -6).
3
What is 0 - (1 + -2 - -3)?
-2
Calculate -12 + 14 + (0 - 3) + 1.
0
What is (0 - -7) + -57 + 44?
-6
2 - (8 - 12) - (12 + -2)
-4
(-5 - 5) + 22 - 9
3
Calculate 4 - (3 - 1) - 3.
-1
What is -3 + -1 + 3 + 3?
2
Calculate 9 + 2 + (-6 - 1).
4
Evaluate 3 + 0 + (-4 - -5).
4
Evaluate -14 + 6 - (-3 + 2 - 3).
-4
What is the value of 4 + 2 + (-7 - 1)?
-2
What is the value of -4 + -2 + -2 + 11?
3
Calculate 0 + 5 + -2 + -35 + 31.
-1
Evaluate (5 - 1) + 0 - 3.
1
Calculate (-10 - -1) + (-1 - (-12 - -6)).
-4
Evaluate -32 + 4 - -30 - (7 + 0).
-5
3 - (-11 + 5 + 6) - -2
5
Calculate -3 + (-3 + 8 - 4).
-2
Calculate -6 + 9 - (2 - -1).
0
What is -5 - (2 - 3 - 2)?
-2
What is the value of (-3 - -7) + 12 + -12?
4
9 + -2 + (-4 - -5)
8
2 + 0 + 1 + -5 + 6
4
Calculate 1 + 5 - (8 + (0 - 4)).
2
What is the value of -21 + 12 - (-7 + 2 + 0)?
-4
What is the value of (11 - 2) + -2 + -131 + 116?
-8
-23 - -22 - (-3 + 8)
-6
What is the value of -5 + 1 - (-1 + 0)?
-3
(-3 - -12) + -14 + (4 - 3)
-4
Evaluate -1 - (2 + (0 - -4)) - -8.
1
(0 - 0) + -8 + 16 + -6
2
1 + (4 - -2) + (1 - 3)
5
What is -7 + (2 + -4 - -5)?
-4
Evaluate 3 + (-5 - 6) + 7.
-1
What is the value of (3 - (12 + -5)) + 6?
2
What is the value of -6 + 1 - (-38 + 30) - 2?
1
Evaluate 0 + -5 + 4 + 5.
4
What is the value of -15 + (-6 - -13) - -6?
-2
Calculate 2 - ((-5 - -3) + 2).
2
Calculate (5 + -2 - -1) + 1 + -2.
3
Evaluate 1 - 15 - (9 - 5 - 11).
-7
-1 + 2 + 1 - (8 + -1)
-5
What is -1 - 3 - (2 - 0 - 5)?
-1
3 + 0 + -6 + -2 + 3
-2
Calculate (1 - (4 - 4)) + 1 + -6.
-4
What is the value of 0 + -4 - -6 - 7?
-5
4 - (2 + 1 - (-53 + 53))
1
Evaluate 5 + (-5 - (-1 + -5 - -3)).
3
-12 - -1 - (7 + -8)
-10
3 + (-3 - (0 - 0))
0
Evaluate 4 + (5 - (6 - 5) - 2).
6
What is 8 - ((1 - -3) + -1)?
5
Calculate -14 + (13 - (7 + -2 + 1)).
-7
Calculate 8 + (6 + -11 - -3).
6
1 + (2 - (11 - 5)) + 1
-2
What is the value of 2 + (-2 - 1) + 5?
4
What is (-3 - -12) + -7 + 6 - 10?
-2
Evaluate 4 - (-5 - -3 - -9).
-3
Calculate (2 - (4 + -1) - -4) + -1.
2
Evaluate 2 + -3 + -5 + 2.
-4
-20 - -26 - (17 - (0 - 0))
-11
What is the value of (2 - 2) + (0 - (6 - 3))?
-3
Evaluate -5 - (1 + -12 + 5).
1
Calculate 4 - (7 + -5 + (-3 - -1)).
4
-18 + 6 - (7 + -6 + -7)
-6
-1 - 1 - (-4 - (-1 + -3))
-2
What is -7 + (3 + (22 - 3) - 7)?
8
What is the value of (10 - 4) + -5 - 3?
-2
What is the value of 3 + 1 + 3 + (4 - 16)?
-5
What is (-1 + 1 - (-21 + 19)) + -4?
-2
Calculate 6 - 1 - 2 - (1 + -1).
3
Evaluate -5 - (0 + -4) - -5.
4
Calculate -3 - (-5 + 2) - -1.
1
(2 - -3) + -2 - (2 - -1)
0
What is the value of -2 - (4 + -8 - -6)?
-4
Evaluate 1 - (4 - -3) - -1.
-5
What is 3 + -6 + -2 + 4?
-1
What is (7 - 3) + 16 + -17 - 7?
-4
What is the value of -3 + 0 + 2 + 2 + -4?
-3
Calculate -1 - (-1 - (1 + -2)) - 2.
-3
What is (-9 - 0) + 15 + -16?
-10
-1 - (-2 - -6 - 2 - 2)
-1
Calculate (14 - 0) + -6 + -1.
7
Calculate 2 - -4 - (7 + -4).
3
What is the value of (17 - 18) + (3 - (1 + -1))?
2
What is (0 - -2) + (-6 - -3) + 6?
5
Evaluate 0 - ((-3 - (4 + -6)) + 3).
-2
What is 1 - 0 - 2 - -3?
2
What is the value of 24 - 27 - (-8 + 1)?
4
What is 1 + 3 + (0 - 9) + 1?
-4
Calculate 2 + 5 - 6 - -3.
4
Calculate 4 + -3 + 5 - (-2 - -2).
6
What is (-4 - -5) + 6 + -4 + -3?
0
(5 - (4 + -2)) + 1 + -3
1
What is -9 - -5 - (0 - 4)?
0
-3 - (-2 - (3 + 4))
6
What is the value of 9 - 6 - 4 - -6?
5
Evaluate 1 - (4 - (-1 + 4)).
0
Calculate 1 + (-4 - (1 + (0 - 4))).
0
What is the value of 18 - 19 - (-1 + 2)?
-2
What is 0 + 1 - (27 + -17)?
-9
Calculate -1 - ((2 - 3) + 4 + 1).
-5
Calculate (6 - (-8 + 6 + -3)) + -5.
6
What is -14 - (2 + -9) - -4?
-3
What is -5 - (3 + (5 - 6) + -5)?
-2
What is the value of (4 - ((-1 - 1) + 3)) + 2?
5
Evaluate (-12 - 1) + (261 - 246).
2
What is the value of -29 - -36 - ((-2 - 0) + 4)?
5
What is the value of -95 + 97 - (1 - -3)?
-2
Calculate (-6 - (8 + -2)) + 7.
-5
Calculate 19 - 10 - (1 - -2).
6
What is the value of (-3 - 1) + (10 + -20 - -7)?
-7
Calculate -3 + 4 + -1 - 4.
-4
-9 + (-3 - -8) + 0 + 1
-3
Calculate -6 + 0 + (-3 - -3) + 2.
-4
Evaluate 1 - (0 - (-7 + 3)).
-3
What is the value of (16 - -5 - 14) + (-1 - 11)?
-5
What is 0 - (1 - (-1 + -1))?
-3
What is the value of 5 + -8 + 4 + -4?
-3
Calculate 0 + -5 - (-2 + 0) - -5.
2
Evaluate 3 + -2 - (10 + -5).
-4
What is -1 + 5 - ((2 - 1) + 3)?
0
Evaluate 0 + (-1 + (-2 - 2) - -2).
-3
Calculate 2 - ((-9 - -2) + 8).
1
Evaluate 1 - 9 - (-14 + 5).
1
What is the value of 7 - 4 - 2 - (-2 + 7)?
-4
Evaluate 2 + (-3 - 1) + (-1 - 2).
-5
Evaluate -4 - (0 - ((2 - 3) + 1)).
-4
What is the value of -5 - ((3 - 3) + (-3 - -1))?
-3
What is the value of -1 + (-5 - (-15 + 5)) + -5?
-1
(4 + 4 - 14) + 2
-4
Evaluate -8 + 8 + (0 - -4).
4
3 - ((-1 - -8) + -12 + 6)
2
What is the value of (0 - -4 - 7) + 1?
-2
What is (-34 - -28) + 9 + 5?
8
Calculate (-2 - 1) + (-3 - (3 - 4)).
-5
9 + (3 - 7) - (-2 + 9)
-2
What is the value of (2 - (0 + 1)) + -5?
-4
Evaluate -39 + 42 + (0 - -3) + -9.
-3
What is the value of (2 - (-9 - -2)) + -5?
4
What is -11 + 0 + (6 - 2)?
-7
3 - (-2 + (0 - (-10 + 4)))
-1
Calculate 1 - (3 - (0 + 3)) - 3.
-2
Calculate -2 + (8 - 3 - 5).
-2
What is (6 - (-4 - -8) - 1) + 4?
5
What is 0 + 6 - (-27 - (17 - 42))?
8
(9 - 13) + 2 + 7 + -1
4
4 + -2 - (-6 + (11 - 1))
-2
What is the value of 1 + (0 - 3 - -9) + -1?
6
1 + -2 + (-4 - (7 + -12))
0
Calculate -21 + 16 + 3 + (1 - -4).
3
What is -2 - 1 - 1 - (-53 + 54)?
-5
What is 0 + -2 + 0 + (-18 - -24)?
4
Calculate (-1 - -3) + (-3 - 4).
-5
What is 1 - (7 + 1 - 9)?
2
(-1 - (4 - 6)) + (0 - 0)
1
Calculate (5 - 0) + (-2 - (0 + -2)).
5
Evaluate 6 + -2 - (-2 + 0 + -2).
8
What is -4 + -1 - -3 - (4 - 2)?
-4
Evaluate (4 - -1) + -11 + 7 + 4.
5
What is the value of 0 + (9 - 4) - 7?
-2
What is (7 - 10) + 11 + -5 + 2?
5
Evaluate (1 - 0 - (1 + -3)) + -3.
0
Evaluate 1 + 0 + (-11 - -13) + 1.
4
Evaluate 2 - (-1 - -3) - (-3 - 2).
5
Evaluate 6 + -8 - (-5 + 1).
2
-81 + 73 + -2 + 14
4
6 - 5 - (2 + 2)
-3
What is 0 - (-10 + 7 - 7 - -3)?
7
What is the value of 8 + (-11 - -7) - (0 - -3)?
1
Calculate 14 + -4 + -3 + 1.
8
What is 6 + -1 + -2 - 2 - -2?
3
What is (2 - 5 - 2) + 5?
0
What is (-5 + 1 - -4) + -4?
-4
Calculate -7 - -7 - (-8 + 3 - 0).
5
What is the value of (7 - 14) + (-1 - -6)?
-2
Evaluate 2 - -2 - (1 - 1).
4
Calculate -1 + -4 + 1 - (18 - 31).
9
Evaluate 11 + -14 - (-9 - -5 - 5).
6
Calculate 1 + (1 - 3) - (-1 - 2).
2
Evaluate -1 + 1 + -43 + 41.
-2
Evaluate -5 + -2 + 17 + -8.
2
What is 15 - 21 - (2 - -1)?
-9
What is (-11 - (-14 - -3)) + (0 - 4)?
-4
3 + (-10 - 0) + 9
2
Calculate -1 - (6 - 17 - -11).
-1
What is 7 - (-7 + -2 - -19)?
-3
Calculate -6 + -2 + -4 + 7.
-5
-2 + 4 + (-6 - (-1 + 2))
-5
2 - (6 + -4) - 0
0
What is the value of 1 + -4 + (-4 - (-11 + 5))?
-1
Evaluate (3 + -4 - -4) + -8.
-5
What is the value of (46 - 37) + (-4 - 5)?
0
Calculate (-5 - -1) + (0 - (3 - 4)).
-3
Calculate 6 + (9 - 7) + -17.
-9
What is the value of (-5 - (-4 + 2)) + 7 + -4?
0
Evaluate -4 + 5 - (2 - 0).
-1
-3 - (2 - (0 + 3))
-2
What is 4 - (-12 - (-7 - 0))?
9
Evaluate -7 - (-13 + (14 - 12)).
4
What is 8 + -16 + 8 + -8 + 12?
4
Calculate -1 + -1 - (9 + -7 + 1).
-5
What is the value of 2 - (1 + -1 - 4)?
6
What is (-2 - (-2 + -2)) + -6?
-4
Calculate (-3 - (-8 - -3)) + 0 + -4.
-2
4 + (-2 - 1) + 1
2
What is (-10 - -3 - -3) + -3 + 5?
-2
Evaluate 2 + -2 + 3 + -3 + 0.
0
Evaluate 3 - (1 + -6) - (1 + 2).
5
What is 11 + -12 + 0 - 3?
-4
What is the value of -1 + 13 - (3 - -5)?
4
What is 0 